320
Convert 1c491 (base 15) to base 7.
532456
-5452 (base 9) to base 3
-12111202
-3042 (base 11) to base 2
-111111000111
Convert -350452 (base 7) to base 11.
-43093
10000011 (base 2) to base 3
11212
What is 11101111100 (base 2) in base 8?
3574
What is 38e (base 15) in base 10?
809
What is -1223113 (base 5) in base 14?
-880d
Convert -4556 (base 7) to base 5.
-23113
Convert 411c (base 16) to base 7.
66411
Convert 4411 (base 11) to base 14.
219a
What is -266 (base 16) in base 4?
-21212
Convert 220213 (base 5) to base 14.
2a7c
What is -1211220 (base 4) in base 16?
-1968
1da (base 14) to base 10
388
Convert -1001221100 (base 3) to base 10.
-21096
Convert 195a4 (base 11) to base 13.
c5a0
Convert -14313 (base 5) to base 7.
-3344
-2 (base 16) to base 2
-10
What is -15361 (base 9) in base 13?
-4a20
-233 (base 13) to base 16
-17c
What is 1952 (base 12) in base 7?
11666
1db (base 14) to base 2
110000101
-1330 (base 5) to base 10
-215
What is 165634 (base 7) in base 2?
1000000111011111
1101001100100 (base 2) to base 8
15144
-116 (base 10) to base 4
-1310
What is -1ab9 (base 13) in base 14?
-1687
What is 24b6 (base 15) in base 9?
11650
-14709 (base 12) to base 7
-146400
3334 (base 10) to base 4
310012
What is 1103 (base 6) in base 3?
100110
Convert 54017 (base 8) to base 13.
a351
-5110 (base 11) to base 4
-1222003
What is 65 (base 9) in base 3?
2012
Convert -101020102 (base 3) to base 11.
-5675
Convert -110636 (base 8) to base 7.
-213453
-33002 (base 8) to base 2
-11011000000010
332433 (base 5) to base 13
5399
Convert 17685 (base 10) to base 12.
a299
Convert 916a (base 12) to base 6.
201014
2051 (base 11) to base 16
a9e
What is 112121 (base 3) in base 16?
18a
-46341 (base 8) to base 7
-111244
Convert -1000 (base 7) to base 13.
-205
-1b2 (base 14) to base 13
-211
What is -4381 (base 12) in base 14?
-29d7
Convert -583 (base 9) to base 5.
-3410
What is a764 (base 11) in base 6?
145511
What is -2a45 (base 11) in base 6?
-30053
Convert -1203 (base 4) to base 5.
-344
Convert -25254 (base 6) to base 12.
-222a
995 (base 16) to base 4
212111
What is 1010010001 (base 2) in base 16?
291
Convert 23034 (base 5) to base 7.
4536
Convert -ae2 (base 15) to base 10.
-2462
Convert -158 (base 13) to base 16.
-f2
What is 11122001 (base 3) in base 6?
23344
What is 2b2b (base 12) in base 10?
5075
Convert -222042 (base 6) to base 11.
-12a81
-255255 (base 6) to base 7
-124460
Convert 140213 (base 5) to base 8.
13063
677 (base 16) to base 6
11355
What is -4b2b (base 16) in base 10?
-19243
-1c1b (base 14) to base 11
-3936
Convert 3087 (base 9) to base 12.
138a
-4612 (base 7) to base 9
-2261
Convert -10001010001101 (base 2) to base 10.
-8845
What is 121011 (base 3) in base 7?
1162
Convert 5957 (base 14) to base 2.
11110011001001
Convert b2 (base 14) to base 6.
420
What is 221114 (base 5) in base 9?
11450
What is -110101010 (base 2) in base 15?
-1d6
What is 1981 (base 13) in base 9?
5217
6986 (base 11) to base 5
243134
Convert 1163 (base 7) to base 6.
2005
-21351 (base 11) to base 14
-b448
What is b789 (base 13) in base 5?
1303323
What is 2fda (base 16) in base 9?
17721
Convert -402140 (base 5) to base 9.
-18486
What is -6243 (base 9) in base 13?
-210c
What is -38921 (base 12) in base 7?
-441343
-111010111 (base 2) to base 10
-471
Convert 11321 (base 9) to base 10.
7552
What is -3606 (base 9) in base 7?
-10545
What is 20202011 (base 3) in base 4?
1030312
Convert -1001010100111000 (base 2) to base 9.
-57354
2373 (base 10) to base 14
c17
Convert -266 (base 10) to base 6.
-1122
Convert -5370 (base 10) to base 11.
-4042
What is 292 (base 10) in base 14?
16c
Convert 201111 (base 3) to base 10.
526
-14647 (base 9) to base 5
-310011
What is -2245 (base 6) in base 9?
-652
Convert -1110110100011010 (base 2) to base 10.
-60698
What is -2d2 (base 15) in base 10?
-647
Convert 40325 (base 6) to base 5.
132214
Convert -523 (base 8) to base 15.
-179
-2200212 (base 3) to base 16
-7af
What is 11541 (base 6) in base 16?
6b5
Convert 29252 (base 13) to base 10.
77300
Convert -22211121 (base 3) to base 8.
-14452
What is -1001011110001 (base 2) in base 8?
-11361
-8408 (base 9) to base 4
-1200110
-41b (base 16) to base 2
-10000011011
What is -1027 (base 10) in base 8?
-2003
Convert 2288 (base 10) to base 6.
14332
-1100100010 (base 2) to base 13
-499
-4426 (base 7) to base 13
-952
What is 14371 (base 8) in base 11?
4892
-13631 (base 10) to base 16
-353f
What is -14167 (base 8) in base 15?
-1cc8
1110110 (base 2) to base 16
76
Convert -1437 (base 8) to base 7.
-2221
94 (base 11) to base 15
6d
What is -36462 (base 7) in base 9?
-14026
-32561 (base 11) to base 9
-71737
11132311 (base 4) to base 11
15962
2502 (base 10) to base 7
10203
1548 (base 13) to base 7
12021
Convert e4c (base 16) to base 13.
1887
Convert -424 (base 11) to base 6.
-2210
What is 743 (base 8) in base 11?
3aa
Convert -27da (base 14) to base 6.
-52352
Convert -80 (base 9) to base 2.
-1001000
-3ec (base 15) to base 8
-1601
What is -5959 (base 13) in base 16?
-3124
What is -1ba9 (base 14) in base 15?
-1769
What is 1503 (base 7) in base 9?
726
8b2 (base 15) to base 7
5510
-2737 (base 14) to base 5
-210114
Convert -21130 (base 7) to base 4.
-1101133
What is 2713 (base 8) in base 16?
5cb
What is -df (base 16) in base 11?
-193
10042 (base 5) to base 11
539
Convert 133013 (base 5) to base 7.
21460
What is -23034 (base 5) in base 7?
-4536
What is -20112 (base 4) in base 16?
-216
What is -b6 (base 13) in base 14?
-a9
Convert 6220 (base 8) to base 3.
11102010
What is -135 (base 12) in base 4?
-2321
What is 1ab (base 16) in base 5?
3202
What is 4b10 (base 15) in base 7?
64422
a0 (base 14) to base 6
352
Convert 25 (base 6) to base 3.
122
What is 23331 (base 4) in base 6?
3313
Convert 15504 (base 8) to base 16.
1b44
-23 (base 13) to base 16
-1d
What is 13d0 (base 16) in base 4?
1033100
1674 (base 16) to base 2
1011001110100
23671 (base 8) to base 9
14848
3670 (base 10) to base 8
7126
Convert 1376 (base 10) to base 5.
21001
Convert -4475 (base 8) to base 12.
-1451
2bf8 (base 16) to base 3
120102220
Convert -100021232 (base 4) to base 14.
-1a178
-111110111 (base 2) to base 8
-767
-1577 (base 8) to base 2
-1101111111
Convert -14950 (base 10) to base 14.
-563c
ca (base 14) to base 8
262
-12242 (base 5) to base 14
-4b9
Convert 24d (base 15) to base 11.
436
200123 (base 4) to base 5
31300
What is 222223 (base 4) in base 5?
41411
What is -45a4 (base 12) in base 2?
-1111001001100
Convert -513 (base 8) to base 12.
-237
Convert -3430 (base 10) to base 9.
-4631
Convert 99d (base 15) to base 9.
2874
What is 224 (base 12) in base 13?
1b4
Convert -15d81 (base 15) to base 7.
-412450
258 (base 12) to base 3
111012
Convert 19028 (base 10) to base 8.
45124
Convert 131300 (base 4) to base 15.
86e
What is -11263 (base 7) in base 4?
-231013
What is 1050 (base 6) in base 13?
15c
-1010001001010 (base 2) to base 8
-12112
-23a (base 14) to base 5
-3234
Convert -111011000 (base 2) to base 10.
-472
Convert -522 (base 13) to base 2.
-1101101001
1000111111101110 (base 2) to base 9
55480
Convert -1000101110 (base 2) to base 16.
-22e
What is -85c6 (base 15) in base 14?
-a463
-10001111000 (base 2) to base 9
-1511
Convert -4187 (base 11) to base 14.
-203a
Convert 854 (base 11) to base 8.
2003
Convert 341632 (base 7) to base 5.
3420220
Convert 577 (base 16) to base 15.
634
-10001011101000 (base 2) to base 15
-29ab
What is -24645 (base 7) in base 13?
-2c61
Convert -11111101101 (base 2) to base 12.
-1211
-78 (base 14) to base 3
-10221
4132 (base 6) to base 13
55a
-526 (base 11) to base 15
-2c3
What is 16a99 (base 11) in base 12?
11a35
Convert 4454 (base 14) to base 8.
27072
Convert -6859 (base 13) to base 6.
-151344
Convert 310320 (base 4) to base 3.
11122100
Convert 101361 (base 8) to base 2.
1000001011110001
Convert -733 (base 8) to base 5.
-3400
10110010000 (base 2) to base 13
857
122022 (base 3) to base 7
1235
235532 (base 6) to base 12
bba8
What is 11212 (base 3) in base 9?
155
Convert 111000000011 (base 2) to base 12.
20ab
Convert 2676c (base 13) to base 9.
118160
Convert -23c (base 13) to base 7.
-1064
What is -4026 (base 7) in base 12?
-980
-4121 (base 6) to base 7
-2443
850 (base 9) to base 14
377
Convert -27a8 (base 12) to base 16.
-11f0
-6b (base 12) to base 4
-1103
Convert -2